n base 13, what is 3b + -146b9?
-1467b
In base 14, what is 3836 + 31c?
3b54
In base 4, what is 1001023002000 + 12?
1001023002012
In base 16, what is 2468ad - -79?
246926
In base 3, what is -110 + 12000112121101?
12000112120221
In base 8, what is -54 + 5421650?
5421574
In base 5, what is -4110410111 + -2?
-4110410113
In base 9, what is -10866 - -484?
-10372
In base 12, what is -97404 - 701?
-97b05
In base 7, what is -43 - 355150?
-355223
In base 9, what is -884070286 - 1?
-884070287
In base 14, what is ac67da6 - -4?
ac67daa
In base 13, what is 93c38 - -12c?
94067
In base 13, what is -18c33 - 1224?
-1a157
In base 8, what is -3630 + -24740?
-30570
In base 5, what is 4 + 2143100403?
2143100412
In base 6, what is 1342 + -4404515?
-4403133
In base 12, what is -30b6a927 - 2?
-30b6a929
In base 7, what is 16503 - 543624?
-524121
In base 2, what is -10100 - -100111010100111010?
100111010100100110
In base 3, what is -12 + -120220212211112?
-120220212211201
In base 2, what is -10010010110011111101011 + -111101?
-10010010110100000101000
In base 13, what is -1 - 32bb936?
-32bb937
In base 9, what is 1265 - 64661?
-63385
In base 2, what is -1010001001 + 1000001111000?
110111101111
In base 13, what is -1 - ac132b?
-ac132c
In base 7, what is 1 - -23300421?
23300422
In base 4, what is 111303 + 20302302?
21020211
In base 12, what is -44192 - 86?
-44258
In base 7, what is 236156643 - -13?
236156656
In base 4, what is 22 + 221031003?
221031031
In base 12, what is 3 - -1120132?
1120135
In base 7, what is 36 + -16216403?
-16216334
In base 7, what is -113 + -1221134?
-1221250
In base 10, what is 1756 - -9189?
10945
In base 5, what is -1002210231 - -4?
-1002210222
In base 8, what is -4 - -742742626?
742742622
In base 10, what is 496179 + -484?
495695
In base 14, what is 5a8cda1 - -4?
5a8cda5
In base 8, what is 2126117 + -643?
2125254
In base 12, what is -607b - 47a98?
-51b57
In base 9, what is 0 + 2413840?
2413840
In base 9, what is 26142678 + 4?
26142683
In base 7, what is 4 + 40505404?
40505411
In base 11, what is 1 + -3117979?
-3117978
In base 11, what is -55 + 52737?
52692
In base 16, what is 4 + 51222e?
512232
In base 9, what is 22631874 - -71?
22632055
In base 14, what is -664 + 7db0?
774a
In base 15, what is 37e93e - 5?
37e939
In base 9, what is 36 - 178844?
-178807
In base 5, what is 3233 + 11211201?
11214434
In base 4, what is 1033 - 101113310323?
-101113303230
In base 2, what is 101000 - 10101100110100011?
-10101100101111011
In base 15, what is -250c0 + -98?
-25168
In base 16, what is 2 + f958?
f95a
In base 6, what is 20413455 - 10?
20413445
In base 11, what is -3220397 + 3?
-3220394
In base 11, what is 13 - 533254?
-533241
In base 16, what is -3b - 1c6109?
-1c6144
In base 14, what is 396 + -11671?
-112b9
In base 2, what is -1000110000110110010 + -1010000100?
-1000110010000110110
In base 9, what is 42532 + -8336?
33185
In base 5, what is 11033412134 - -4?
11033412143
In base 12, what is -7 - -97400?
973b5
In base 8, what is -1 - -1225060250?
1225060247
In base 16, what is -1c31be35 - -4?
-1c31be31
In base 14, what is baa03 - -2a?
baa2d
In base 8, what is 0 + 752705402?
752705402
In base 2, what is 100 + -111010101100010110100101?
-111010101100010110100001
In base 15, what is -7 - a60c2?
-a60c9
In base 5, what is 112 + -1323120114?
-1323120002
In base 10, what is 39859 - -794?
40653
In base 6, what is -130543424 + 14?
-130543410
In base 7, what is 1163422155 + -4?
1163422151
In base 15, what is 1373 - -1b5c?
2ed0
In base 3, what is -12100112121002000 - 11?
-12100112121002011
In base 15, what is -14836d - 4d?
-1483bb
In base 15, what is 72076 - -9?
72080
In base 6, what is 1 + 20520213330?
20520213331
In base 15, what is c2dac - 38?
c2d74
In base 16, what is 39 - 75b125?
-75b0ec
In base 6, what is -10504 + 4423225?
4412321
In base 10, what is -9609 - -17117?
7508
In base 6, what is -342534 + -35?
-343013
In base 16, what is -230 - -1d7a?
1b4a
In base 6, what is 34035301 + -33?
34035224
In base 2, what is -100 - -100101011010000101000?
100101011010000100100
In base 13, what is 3 + 11c590a?
11c5910
In base 13, what is 34321b + -9?
343212
In base 7, what is -32532243 - -2?
-32532241
In base 7, what is -526664216 + 2?
-526664214
In base 14, what is 3859037 + 3?
385903a
In base 5, what is -22 - 132124310?
-132124332
In base 13, what is 35aa + 1b595?
21b72
In base 4, what is -1 + 1022303303?
1022303302
In base 4, what is -2010112020 - -2230?
-2010103130
In base 5, what is 0 + 10324243243?
10324243243
In base 3, what is -200000111 - -211012?
-122012022
In base 14, what is -1 + ab968a?
ab9689
In base 12, what is -2360 + 17226?
14a86
In base 7, what is 1535 - 2042?
-204
In base 6, what is -432 + 3235211?
3234335
In base 4, what is 221 + 1322012020001?
1322012020222
In base 7, what is 2313 - -101360?
104003
In base 9, what is 7845781 - 21?
7845760
In base 15, what is -d - 44a38a9?
-44a38b7
In base 16, what is a79 - -3fad?
4a26
In base 12, what is -949957 + 31?
-949926
In base 2, what is 11 + -10110100001100111001101?
-10110100001100111001010
In base 9, what is -3853638 + 23?
-3853615
In base 3, what is -12100100210 + 20122?
-12100010011
In base 6, what is -315 - -205534524?
205534205
In base 3, what is -11012120122020212 - 0?
-11012120122020212
In base 13, what is 901209 - b?
9011cb
In base 2, what is 1000110000111111000100101 - 1100?
1000110000111111000011001
In base 4, what is 3333123112000 + 1?
3333123112001
In base 2, what is 1010010001001 - -1100100001?
1011110101010
In base 2, what is -1011100 - 10100101000110110?
-10100101010010010
In base 13, what is 230492a + 5?
2304932
In base 12, what is -a096 - -315?
-9981
In base 4, what is -1 - -100001011013312?
100001011013311
In base 13, what is -b879 + -a56?
-c602
In base 10, what is -498 - 6318?
-6816
In base 3, what is -120020112102121 - 2?
-120020112102200
In base 9, what is 4851568 - -5?
4851574
In base 2, what is 100101111000 - 11000101001010011?
-11000000011011011
In base 8, what is 1 - -176265764?
176265765
In base 10, what is 5 + -1985269?
-1985264
In base 14, what is -284 + 9579?
92d5
In base 3, what is -221022211110 - 10021?
-221022221201
In base 3, what is 12022101 - 11112222?
202102
In base 9, what is 173465 + -31?
173434
In base 12, what is -2675 + -27b10?
-2a585
In base 14, what is -4a9da9 - -13?
-4a9d96
In base 2, what is -1101 - 10010000110101000011?
-10010000110101010000
In base 13, what is -3 - -5c06a?
5c067
In base 4, what is 130210121 - 20332?
130123123
In base 16, what is -436cb34 - f?
-436cb43
In base 5, what is 41304 + 100124333?
100221142
In base 6, what is -23054 - 345?
-23443
In base 5, what is 212133412014 - -2?
212133412021
In base 10, what is 5 - 18088344?
-18088339
In base 2, what is -100011 + 1011010000001000?
1011001111100101
In base 9, what is 6 - 25217520?
-25217513
In base 15, what is dd - 3d65a6?
-3d64b8
In base 6, what is -2 - 24231304?
-24231310
In base 9, what is 337572 + 1302?
338874
In base 8, what is 76 - -1113422?
1113520
In base 8, what is -5231 + -16073?
-23324
In base 16, what is 2e82128 + -3?
2e82125
In base 7, what is -33656 - -615?
-33041
In base 2, what is 1101100100010 - -110110001011?
10100010101101
In base 12, what is b40 - 1741?
-801
In base 4, what is -203 + 2201231021?
2201230212
In base 8, what is -6433 - -142351?
133716
In base 15, what is dd0e - 1b1a?
c1e4
In base 11, what is 106714923 + -5?
106714919
In base 7, what is -13321225 - 30?
-13321255
In base 14, what is -3dd7937 + 3?
-3dd7934
In base 6, what is -5 + 13254331041?
13254331032
In base 9, what is -1112416 - -4?
-1112412
In base 10, what is 57143 - -267?
57410
In base 11, what is 5 - 4500023?
-4500019
In base 16, what is 20d + -715?
-508
In base 2, what is -110 - -101100100011110000?
101100100011101010
In base 7, what is -105366 - -1523?
-103543
In base 5, what is -1130414 + -204?
-1131123
In base 9, what is -4 + 72042101?
72042086
In base 10, what is -3896071 + -5?
-3896076
In base 12, what is -b7345 - -230?
-b7115
In base 4, what is 2 - 2023002223131?
-2023002223123
In base 2, what is 101100111010100100011 - 111101?
101100111010011100110
In base 11, what is -89a + 313?
-587
In base 11, what is 6761 - -565?
7216
In base 8, what is 213327 + 374?
213723
In base 6, what is 21 - -4035431444?
4035431505
I